s digit of l?
1
Let q(v) = -2*v - 9. Let y be q(-6). Suppose h + y*h = 8. What is the units digit of h?
2
Let w(i) = 88*i**3 - 2*i**2 + 1. What is the tens digit of w(1)?
8
Suppose -2*f - 4*u + 164 = -0*f, 3*u - 84 = -f. Suppose 21 = -3*i + f. What is the units digit of i?
9
Suppose -3*i + 6*i = -4*f + 21, f - 18 = -5*i. Suppose 0 = -f*x + 54 - 9. What is the tens digit of x?
1
Let o(p) = -5*p + 1. Let s = -5 + 3. What is the units digit of o(s)?
1
Suppose -4*n + 25 = y, -4*y + 3*y + 4*n = -17. Suppose l - y = 4*l. Let i = 17 + l. What is the tens digit of i?
1
Suppose -5 = -2*r - 5*q + 2, -4*r + 4*q + 56 = 0. Let a(u) be the second derivative of u**3/6 - 3*u**2/2 + 11*u. What is the units digit of a(r)?
8
Let r = 7 + -4. What is the units digit of r?
3
Let x = 49 - -41. What is the units digit of x?
0
Suppose 7*o - 2*o = 10, 0 = -5*c - 2*o + 99. What is the tens digit of c?
1
Let z(r) = -r**2 - 4*r + 2. Let j be z(-3). Suppose 3*c - 4*y - 8 = -c, 0 = 3*y. Suppose j*w = 3*n + 9, 2 = 2*n - c*w + 4. What is the units digit of n?
2
Suppose 7*g - 2*g = 100. Suppose -3*p + g = -31. What is the tens digit of p?
1
Let z = 1 + 8. Let g be ((-6)/z + 0)*-15. Suppose g = 2*i - 0*i. What is the units digit of i?
5
Let a = -129 - -164. What is the tens digit of a?
3
Let h be (2/(-3))/((-10)/195). Suppose -21 = -l + h. What is the units digit of l?
4
Let c(o) = o - 7. Suppose 3*x = 21 + 6. Let f be c(x). Suppose -3*d + 32 = f*d - 2*v, 4*d + 2*v - 22 = 0. What is the units digit of d?
6
Let b = -4 - -7. Let v(u) = -6*u**2 - 3*u - 3*u - u**b + 3 - 4. What is the units digit of v(-5)?
4
Let a(i) = 3 - 6 + 2 + 2*i. Let c be a(1). Suppose 7 - c = 2*r. What is the units digit of r?
3
Let o be (-9)/(-3)*(-3 - -4). Suppose o*v + 4 = 67. What is the tens digit of v?
2
Suppose 0 = -2*q - 2*u + 46, -8*u + 3*u = 5. What is the units digit of q?
4
Suppose 4*q - 1090 = -5*b, 0*b + 2*b - 423 = q. What is the hundreds digit of b?
2
Let i be (-2)/(-2 + (1 - -2)). Let w = 8 + i. What is the units digit of (w/5)/(6/15)?
3
Let r = -8 - -19. Let i(y) = -y**3 + 12*y**2 - 11*y + 16. What is the units digit of i(r)?
6
Let p(x) = -x**2 + 10*x + 3. Let q be (-30)/(-9) - (-4)/6. Suppose -5*h + 5*i = -50, h - 2*i + 30 = q*h. What is the units digit of p(h)?
3
Suppose 1 = -s + 4. Suppose 0 = 3*m - s*f - 0*f - 129, 0 = -4*m - 4*f + 148. What is the tens digit of m?
4
Let x(v) = -v**2 - 8*v + 1. Let m be x(-8). Let k(y) = y**3 - 13*y**2 + 8. Let g be k(13). Let n = m + g. What is the units digit of n?
9
Let j(x) = -x**3 - 13*x**2 + 17*x + 19. Let r be j(-14). Let z = r + 33. What is the units digit of z?
0
Let z be 86/(-18) - (-2)/(-9). Let p(x) be the second derivative of x**3/6 + 7*x**2/2 - x. What is the units digit of p(z)?
2
Suppose -h - 1 + 6 = 0. Suppose -68 = q - h*q. What is the tens digit of q?
1
Suppose -4*g + 8 = -0*g. Suppose -w + 63 = g*w. What is the tens digit of w?
2
Let f be -1*-2*7 + -2. Suppose -6*t + f = -3*t. Let i = t - -6. What is the units digit of i?
0
Let n be 168/4 - -2 - 0. Suppose 0 = 3*v - 5*r - n, -3*r = 4*v - 55 - 23. What is the tens digit of v?
1
Let z(i) = i**2 + 1. Let m(w) = -4*w**2 + w - 5. Let v(h) = m(h) + 5*z(h). Let q(k) = k**3 + 5*k**2 + 5*k + 1. Let p be q(-4). What is the units digit of v(p)?
6
Let j = 17 - 12. Suppose -2*a = a - 24. Suppose a = j*m - m. What is the units digit of m?
2
Let j(p) = -p**3 + p + 5. Let z be j(0). Suppose 1 - 12 = -3*m - z*k, 12 = 5*m + 2*k. Suppose a = m*a - 8. What is the units digit of a?
8
Let d = 29 - 27. What is the units digit of d?
2
Let f(s) = s**3 - 6*s**2 + s. What is the units digit of f(9)?
2
Suppose -3*r - 3*c = -27, 0*r - 5*c = -3*r - 13. Suppose -2*k - r*n + 76 - 10 = 0, -k + 35 = 3*n. What is the tens digit of k?
2
Let o(s) = -s**3 + s**2 + s + 50. Let c be o(0). Suppose c = 3*g + 5. Suppose l = -q - 0*q + g, -3*q + 2*l + 20 = 0. What is the units digit of q?
0
Let n = 41 + 19. What is the tens digit of n?
6
Suppose 3*l - 28 = 2*l. What is the tens digit of l?
2
Let m be -2 + (-5)/(-1) - 33. Let f be m/(-24)*(-8)/2. What is the tens digit of -5*(21/f + 1)?
1
Let n(o) = o**3 + 9*o**2 - 7*o + 2. Let c be n(-9). Suppose -c = -2*l - 17. What is the units digit of l?
4
Let z = 13 + -11. What is the units digit of z?
2
Let x(s) = -3*s**3 - 7*s**2 + 8*s - 2. What is the units digit of x(-4)?
6
Let z = 9 + -2. What is the units digit of z?
7
Let y = 170 - 100. What is the units digit of y?
0
Let y be (-4)/(-2) + (0 - 0). Suppose 72 = -y*v + d, v - 4*d + 43 = -0*v. Let n = -23 - v. What is the units digit of n?
2
Suppose 4*y = 131 + 13. What is the units digit of y?
6
Let y(c) = -4*c - 4. Let f be y(-3). Let m = f + -3. Suppose 0*q + 30 = m*p - 2*q, -2*q = -3*p + 22. What is the units digit of p?
4
Let w(l) = l**3 + 2*l**2 - 4*l + 1. Let b be w(-3). Suppose -10 = -b*j + r, -2*r - 4 = -4*r. What is the units digit of j?
3
Let x(f) = 3*f**3 + 2*f**2 - 3*f + 2. Let j be x(1). Suppose 0*h = -5*d + h + 118, j*h + 81 = 3*d. What is the units digit of d?
3
Let w be (9/6)/((-3)/8). Suppose 0 = 2*t + 3*t + 50. What is the units digit of t/(-3) + w/(-6)?
4
Suppose 3*v - 9 = 0, c + v - 3 = -0*c. Suppose -5*d + 4*q = -67, c*q + 2*q = -6. What is the tens digit of d?
1
Let r(l) = 2*l - 1. Let w be r(5). Let x = 11 - w. Suppose x*b = j + 3*b - 22, j + 5*b = 42. What is the tens digit of j?
1
Suppose o + 9 = 4*o. Suppose -o*s = 2*r - 58, -7*r + 2*s + 183 = -2*r. What is the tens digit of r?
3
Let f be (-1*1)/(1/3). Let a = f - -4. What is the units digit of (2/a - 1)*7?
7
Let z = 171 - 71. What is the units digit of z?
0
Let z = 6 + -3. Suppose 13 - 41 = -5*v - 4*t, -3*v = 5*t - 22. Let a = v - z. What is the units digit of a?
1
What is the hundreds digit of ((-664)/6)/(10/(-15))?
1
Let f = -12 + 26. What is the tens digit of f?
1
Let q(b) = -49*b - 12. What is the tens digit of q(-3)?
3
Suppose o = -4*j + 421, -2*j = -5*j + o + 321. Let z = j + -67. What is the units digit of z?
9
Let f(s) be the first derivative of 3*s + 2 - 1/4*s**4 + 5/3*s**3 - 2*s**2. What is the units digit of f(4)?
3
Suppose -2*x = -2*q - 50, -5*x + 17 = 3*q - 84. What is the units digit of x?
2
Let l = -9 + 5. What is the units digit of (-1 + 4)*l/(-6)?
2
Suppose 0 = -4*b - 0*b + 24. Let p = 7 - 4. What is the tens digit of (-1)/p + 74/b?
1
Suppose g - 7 = n, g + 3*n = -9 - 4. Suppose g*z = 5*z + 18. What is the units digit of (-6)/2 - (z + -1)?
4
Suppose -4*v = -2*h - 2*h + 8, 3*h - 4*v - 4 = 0. Suppose 0*t = h*t. Suppose t*b - 12 = -3*b. What is the units digit of b?
4
Let j(s) = -s**2 - 6*s + 4. Let q be j(-6). Suppose 3*i - q = 5. Let f = i + -1. What is the units digit of f?
2
Let y be (3 - 37)/(-2) + -2. Let u = y - -1. What is the tens digit of u?
1
Let y = 2 - 10. Let i = y + 15. Suppose -2*x - 10 = -i*x. What is the units digit of x?
2
Let u(z) be the second derivative of -z**3/3 - 3*z**2/2 - z. Let a(y) = y**2 + 2*y - 7. Let v be a(0). What is the tens digit of u(v)?
1
What is the tens digit of 12/(-15)*(-25)/2?
1
Let m = 167 + -74. Suppose -5*w - m = 112. Let g = w + 62. What is the units digit of g?
1
Let w(c) = -c**3 - 4*c**2 + 10*c + 7. Let q be 3/(-18) - (-70)/(-12). Let t be w(q). Suppose 5*i + 0*i = -2*y + t, 4*i = 2*y - 28. What is the tens digit of y?
1
Let t = -12 + 20. Let n be (t/10)/(4/(-60)). Let x = 19 + n. What is the units digit of x?
7
Suppose -10 = 5*y + 10. Let n = y + -6. What is the units digit of (6/15)/((-1)/n)?
4
Suppose -136 = 4*j - 560. What is the hundreds digit of j?
1
Let b(m) be the third derivative of -m**4/24 + 5*m**3/3 - 5*m**2. What is the units digit of b(5)?
5
Let s be 8/(-2)*(-1)/(-1). Let c = s - -14. Suppose 5*a + c = b + 45, -5*a - 5*b + 65 = 0. What is the units digit of a?
8
Let y be ((-1 + 1)/2)/1. Suppose z + 3*l = -12, -5*z - 5*l - 25 + 5 = y. Suppose -5*g + 3*c + z*c = -2, 5*g - 10 = -5*c. What is the units digit of g?
1
Let w be (3 - 6)*22/6. Let o(d) = -d - 13. Let h be o(w). What is the units digit of (1 - h) + 1 + 1?
5
What is the units digit of 0 - 802/(-10) - (-6)/(-30)?
0
What is the tens digit of 6/4*(-354)/(-9)?
5
Let z(a) = -26*a + 17. What is the tens digit of z(-3)?
9
What is the tens digit of 108/8 - 6/4?
1
Let g(d) = -6*d - 5. What is the tens digit of g(-4)?
1
Let s(l) =